In base 16, what is 0 + 68?
68
In base 6, what is -205120 - -5?
-205111
In base 15, what is 15a + 3?
15d
In base 14, what is 8 - -17?
21
In base 8, what is 16061 + 1?
16062
In base 3, what is -211221 + -1?
-211222
In base 8, what is 0 - 373?
-373
In base 6, what is -5 + 1425?
1420
In base 3, what is -20 - -2022?
2002
In base 8, what is -2160 + 0?
-2160
In base 6, what is 4 - -2505?
2513
In base 11, what is -7 + -58?
-64
In base 11, what is -116 - 80?
-196
In base 5, what is 123 + 323?
1001
In base 10, what is 15 - 2?
13
In base 4, what is -12 + 1030?
1012
In base 12, what is -321 - 1?
-322
In base 13, what is 10 + 5c?
6c
In base 10, what is -6 - 185?
-191
In base 3, what is 20110 - 1?
20102
In base 10, what is 4 + 218?
222
In base 13, what is 5 - -134?
139
In base 9, what is -3 - -1814?
1811
In base 4, what is -33 - 23?
-122
In base 5, what is 1 - 2130?
-2124
In base 10, what is 26 + -2?
24
In base 7, what is -23 - 330?
-353
In base 2, what is 101 + -10110000?
-10101011
In base 11, what is 3 - -240?
243
In base 12, what is -1a9 + 2?
-1a7
In base 3, what is -100 - -1220?
1120
In base 2, what is -10000001 - 11?
-10000100
In base 11, what is -3 - 0?
-3
In base 16, what is 1 - f?
-e
In base 8, what is 3 - 217?
-214
In base 6, what is 12 - 1540?
-1524
In base 5, what is 40031 + 3?
40034
In base 13, what is -b - 1b?
-29
In base 5, what is -23 - 434?
-1012
In base 4, what is 1 - -22022?
22023
In base 10, what is 85 - -12?
97
In base 14, what is -2 + cb?
c9
In base 10, what is 13 + 421?
434
In base 15, what is -25 - -42?
1c
In base 6, what is 12 - -10351?
10403
In base 4, what is 1301333 + 0?
1301333
In base 6, what is -4 - 111?
-115
In base 9, what is -61 + -10?
-71
In base 15, what is -b295 + 2?
-b293
In base 3, what is 202 - 10?
122
In base 8, what is -542 + 26?
-514
In base 7, what is -1106 - 6?
-1115
In base 10, what is -310 + 3?
-307
In base 10, what is -25 + -27?
-52
In base 12, what is 6 + -48?
-42
In base 9, what is -5 + 100?
84
In base 3, what is -100 + -20?
-120
In base 14, what is -25 - 1bd?
-204
In base 10, what is 14 + -72?
-58
In base 4, what is -32 - 2?
-100
In base 13, what is -2a - -3?
-27
In base 15, what is b6 + 2?
b8
In base 13, what is -890b - -4?
-8907
In base 15, what is -34 + 1a?
-19
In base 14, what is 18 - -2?
1a
In base 12, what is 0 + -5b3?
-5b3
In base 15, what is 13 - -a?
1d
In base 3, what is 1 - 1102111?
-1102110
In base 2, what is -100 - 11011110?
-11100010
In base 16, what is 8 - 3c?
-34
In base 15, what is 1a - -1a?
35
In base 13, what is 5 - -b4?
b9
In base 8, what is 7 + 4?
13
In base 16, what is -e52 + 2?
-e50
In base 4, what is 2232223 + 0?
2232223
In base 6, what is 4 - -334?
342
In base 2, what is 111101 - -10001111?
11001100
In base 4, what is 2 + -2030?
-2022
In base 2, what is -1000110110 - 1?
-1000110111
In base 15, what is -1 - 13?
-14
In base 15, what is -d7d - -2?
-d7b
In base 5, what is 1 - -101044?
101100
In base 15, what is 4 + 7b?
80
In base 15, what is -7cd - -2?
-7cb
In base 4, what is 11 + 210?
221
In base 2, what is 11 + -1001000?
-1000101
In base 15, what is -19d - -3?
-19a
In base 4, what is 1221 + 113?
2000
In base 3, what is -1 + 2110101?
2110100
In base 7, what is -32430 + -4?
-32434
In base 13, what is 202 + -5?
1ca
In base 16, what is -9 + -10?
-19
In base 4, what is 1 - 11?
-10
In base 9, what is -1 - 12214?
-12215
In base 4, what is -113 - 10021?
-10200
In base 8, what is 47765 - -2?
47767
In base 7, what is -1 - 26203?
-26204
In base 9, what is 4300 + 5?
4305
In base 11, what is 5 + -36a1?
-3697
In base 3, what is 10012200 + 1?
10012201
In base 4, what is 1211211 - -10?
1211221
In base 6, what is 1 - 13221?
-13220
In base 16, what is -5d - 9?
-66
In base 15, what is -d3 - 1?
-d4
In base 4, what is 323221 - 2?
323213
In base 5, what is -14023 + 3?
-14020
In base 6, what is 5254 + -3?
5251
In base 16, what is -2 + -5ac?
-5ae
In base 4, what is 13 - -20?
33
In base 4, what is 13122 + 13?
13201
In base 14, what is -5 + d03?
cdc
In base 8, what is 2 - 176?
-174
In base 3, what is 101 - 1222222?
-1222121
In base 12, what is 5a1 - -2?
5a3
In base 13, what is c6 - 1?
c5
In base 3, what is 11212 + 112?
12101
In base 5, what is -423 + -1?
-424
In base 6, what is -300 + 5?
-251
In base 6, what is -3 - -15?
12
In base 2, what is 1101100 - -100?
1110000
In base 8, what is -52 + -146?
-220
In base 11, what is -68 - 28?
-95
In base 11, what is -1 - 183?
-184
In base 12, what is -18 + -11?
-29
In base 13, what is -c + 86?
77
In base 14, what is da + -3?
d7
In base 14, what is -3 - 253?
-256
In base 14, what is -a72 - 4?
-a76
In base 6, what is -12 + -313?
-325
In base 10, what is 2 - -517?
519
In base 13, what is -291 + 1?
-290
In base 7, what is 5045 + 5?
5053
In base 8, what is 52 + -1022?
-750
In base 10, what is 1 - -786?
787
In base 11, what is -1853 + 0?
-1853
In base 15, what is -766 + 4?
-762
In base 11, what is 338 + -4?
334
In base 2, what is -10 - -110101111?
110101101
In base 3, what is 10 - 2020022?
-2020012
In base 2, what is 111 - -10010001111?
10010010110
In base 9, what is 10 - 41?
-31
In base 16, what is -8 + 18?
10
In base 4, what is -132 - 32?
-230
In base 2, what is -1101101 + 10010?
-1011011
In base 11, what is -2 + a1a?
a18
In base 7, what is -1 - 35?
-36
In base 9, what is -6 - -13?
6
In base 4, what is -320201 - -3?
-320132
In base 11, what is 0 - -10a0?
10a0
In base 9, what is 5 - 111?
-105
In base 16, what is 85 - 1?
84
In base 10, what is -4 + 7?
3
In base 14, what is 5 + 3c0?
3c5
In base 10, what is -121 - 2?
-123
In base 7, what is -510 - 3?
-513
In base 13, what is -a + 21?
14
In base 14, what is -16 - 10?
-26
In base 10, what is -154 + 2?
-152
In base 11, what is -1 - 181?
-182
In base 8, what is -37 + 37?
0
In base 10, what is -14 + 5?
-9
In base 9, what is -3 + -248?
-252
In base 10, what is -3 + -1703?
-1706
In base 7, what is -36 + -1?
-40
In base 12, what is 0 + -1313?
-1313
In base 2, what is 1101001010 + 11?
1101001101
In base 6, what is -1 - 40?
-41
In base 16, what is -4 + 2?
-2
In base 4, what is 11 + 22311?
22322
In base 3, what is 1 - 101010?
-101002
In base 9, what is -3155 + 2?
-3153
In base 8, what is 3 + 3?
6
In base 5, what is 11 + -104230?
-104214
In base 5, what is -3 - 320?
-323
In base 7, what is 344 - 5?
336
In base 7, what is -12333 + -1?
-12334
In base 2, what is 100 - -101111111100?
110000000000
In base 4, what is -22322 - -2?
-22320
In base 15, what is 216 + 3?
219
In base 7, what is 154 + 0?
154
In base 12, what is 4 - -319b?
31a3
In base 11, what is 38 + -2?
36
In base 8, what is 4 + 237?
243
In base 16, what is -5 - -85?
80
In base 14, what is 7 - 269?
-262
In base 7, what is -446 - 11?
-460
In base 2, what is -1100100000 + -1000?
-1100101000
In base 3, what is -10 + -20202?
-20212
In base 11, what is 4 - 12?
-9
In base 5, what is -2 - 1210?
-1212
In base 7, what is 0 - 54?
-54
In base 14, what is 19 - d?
a
In base 12, what is -3b + 2?
-39
In base 2, what is -1 - 110101100?
-110101101
In base 6, what is 0 - 1432?
-1432
In base 8, what is -14 - 410?
-424
In base 3, what is 120 - -111?
1001
In base 15, what is 3b89 - 3?
3b86
In base 10, what is 2 + -1?
1
In base 7, what is -2 + 6?
4
In base 2, what is -1111 + -1001001?
-1011000
In base 16, what is 5 - 2cd?
-2c8
In base 12, what is -28 + 21a?
1b2
In base 10, what is -15 - -20?
5
In base 3, what is -11 - 10122?
-10210
In base 5, what is 1420 - 3?
1412
In base 15, what is -52d8 - -3?
-52d5
In base 11, what is -159 + -1?
-15a
In base 4, what is 3123101 + 1?
3123102
In base 16, what is -4c - 2?
-4e
In base 16, what is -16f + -6?
-175
In base 8, what is 0 + 431?
431
In base 8, what is -3 - 2565?
-2570
In base 9, what is -1 + 533?
532
In base 8, what is -5 + 365?
360
In base 6, what is 23 - -2?
25
In base 11, what is 8 + 91?
99
In base 4, what is -11202 - 11?
-11213
In base 5, what is 10 - 130201?
-130141
In base 14, what is 1 - -5?
6
In base 13, what is 1 - 663?
-662
In base 13, what is -2b9 + -9?
-2c5
In base 2, what is -1111 - 101100?
-111011
In base 15, what is 45 - b?
39
In base 8, what is -14600 + 5?
-14573
In base 11, what is 23 - 14a?
-127
In base 9, what is 0 + 704?
704
In base 16, what is -3 - -8?
5
In base 5, what is -1 + -1?
-2
In base 4, what is -2 + -111?
-113
In base 6, what is -4